st common divisor of u and v?
18
Suppose 2*o + 5*o = 105. Let c be o/(-75) + 32/10. Let t be ((-2)/5)/(c/(-135)). What is the highest common divisor of 18 and t?
18
Let m be (-2*1)/(2/(-65)). Let v = 4326 + -2922. Let t be (2/4)/(27/v). Calculate the highest common factor of t and m.
13
Suppose -j + z = -32, 2*j + 12*z = 10*z + 80. Suppose -299 = j*w - 37*w. What is the highest common factor of 13 and w?
13
Let b(m) = -m**3 - 2*m**2 + 23*m + 36. Let u be b(0). Calculate the highest common divisor of 1197 and u.
9
Suppose 5*i + 1050 = -157*w + 161*w, 5*w = 4*i + 1317. Calculate the greatest common divisor of w and 120.
5
Let v = -1294 - -1530. Calculate the greatest common factor of v and 19470.
118
Let b(i) = -i - 194. Let h be b(-34). Let y = h + 180. What is the highest common factor of 80 and y?
20
Let r(k) = -2*k - 15. Let h be r(-9). Suppose 48 = b + h*b. Let p be (77/(-21))/((-4)/b). What is the highest common divisor of 88 and p?
11
Let i be 532/70*(-5)/(-2). Suppose 5*n - 6*n + 59 = 0. Let k = 36 + n. Calculate the highest common divisor of i and k.
19
Let k(n) = -9*n - 56. Let l be k(-6). Let j be (-6)/l - (-11 + 7). Let g = 1 + j. What is the greatest common divisor of g and 184?
8
Let t be 3*(6/3)/2. Suppose 4*d - 15*d = 14*d. Suppose 319 = t*h + b - d*b, -3*b = 15. Calculate the greatest common divisor of h and 270.
54
Let l = 79 + -77. Suppose 6*f - l*f = 20. Let j be 12/f*100/30. Calculate the greatest common factor of j and 40.
8
Let w(c) = -c**3 + 11*c**2 + 40*c + 42. Let i be w(14). Calculate the greatest common divisor of 1358 and i.
14
Suppose 14 - 17 = -h - 2*s, 0 = 3*h + 5*s - 11. Calculate the greatest common divisor of 47 and h.
1
Let o be (2 + -5 + -3)/(-1). Suppose -4*n = -38 - o. Suppose -n*m + 54 = -5*m. What is the greatest common factor of m and 72?
9
Let j = 3223 + -3139. Calculate the highest common divisor of j and 48.
12
Suppose 0 = c + i - 2218, 3*i = 151 - 133. What is the highest common divisor of 28 and c?
28
Suppose 0 = 2*p - 9 - 5. Suppose 28 + 0 = 2*v + 5*o, -8 = 2*v - 4*o. Let f be -63*((-2)/v)/((-33)/(-22)). What is the highest common factor of f and p?
7
Let u be ((-4)/((-16)/(-116)))/((36/33)/(-12)). Calculate the highest common factor of u and 1421.
29
Let w(l) = 5*l + 100. Let o(k) = 12*k + 200. Let r(y) = -2*o(y) + 5*w(y). Let u be r(-22). Calculate the greatest common divisor of u and 364.
26
Suppose -73*v + 5621 = 4015. What is the highest common divisor of 462 and v?
22
Let w(x) = 6*x**2 - 140*x + 1646. Let z be w(12). What is the highest common divisor of 140 and z?
10
Let i(o) = -2*o**3 - 138*o**2 - 2*o + 345. Let h be i(-69). Calculate the highest common factor of h and 46.
23
Suppose 17*b + 109 = -95. Let u be 9 - (-12)/9*b/(-8). Calculate the highest common divisor of 209 and u.
11
Suppose -3*n = -57 + 15. Calculate the greatest common factor of n and 2282.
14
Let q = -5460 + 5468. What is the greatest common divisor of q and 312?
8
Let p(h) = 9*h + 1. Let g be p(6). Let t(f) = 122*f**2 - 54*f + 5. Let w be t(2). Calculate the highest common divisor of w and g.
55
Let b = -627 - -522. Let p be ((-10)/(-7))/((-3)/b). Calculate the greatest common divisor of p and 4.
2
Suppose 6 = m - 15. Let v be 6/4*(-28)/m. Let u(s) = -14*s**3 + 2*s**2. Let r be u(v). What is the highest common factor of 30 and r?
30
Let h be (-88)/(-40) - 244/(-5). Suppose 0 = 3*l - 77 - 25. What is the greatest common factor of l and h?
17
Let y(o) = 4*o**2 - 22*o + 61. Let m(n) = -n**2 - n - 1. Let q(r) = 2*m(r) + y(r). Let g be q(14). Calculate the greatest common divisor of 10 and g.
5
Suppose 21*a + 12*a - 124920 = 13*a. Calculate the highest common divisor of 18 and a.
18
Let f(m) = -2*m**2 + 70*m - 551. Let q be f(19). What is the highest common divisor of 114 and q?
57
Let g(d) = -128*d - 26. Let l be g(-7). Suppose 0 = 3*p + 204 - l. What is the highest common divisor of p and 37?
37
Let h(o) = o**2 + 12*o - 26. Let k be h(2). Let w be ((-339)/(-3) + k)*(9 + -8). What is the highest common divisor of w and 46?
23
Let y(r) = 5*r**2 + 5*r. Let c be y(-4). Let j(z) = -z**2 - 17*z**2 + 13 + 7 + 13*z**2. Let f be j(0). Calculate the highest common divisor of c and f.
20
Suppose 0 = -12*n + 4*n + 32. Suppose 3*d - 5*d = -n, 5*a + 3*d - 136 = 0. Calculate the highest common factor of a and 65.
13
Let g = -63 - -41. Let l be (3/3)/((-1)/g). Suppose 14*o + 40 = 194. What is the highest common divisor of l and o?
11
Suppose 784*d - 794*d = -45840. Calculate the highest common factor of 24 and d.
24
Let z(x) = -x**2 + 70*x - 360. Let m be z(34). What is the highest common factor of 352 and m?
32
Suppose 0 = -4*v - 0*v - 5*l + 124, -v = 2*l - 31. Suppose 3*d - v = 14. Let u = 13956 - 13806. What is the greatest common divisor of u and d?
15
Suppose z = -2, -65 = -y + 2*z + 38. Let b(w) = -4*w - 50. Let f be b(6). Let q = f - -85. Calculate the greatest common divisor of y and q.
11
Suppose 110 = 2*m - s - 150, 4*m - 526 = -s. Let g be ((-76)/(-6))/(1/(-6)). Let i = g + m. Calculate the highest common divisor of i and 5.
5
Suppose 4*b - 49 = p, 0*p - 28 = p + 3*b. Let g = p - -56. Let t be (0 - (-133)/(-3))*(-819)/273. What is the greatest common divisor of g and t?
19
Let c be -1 - -80 - ((-3)/(-6))/((-20)/40). What is the greatest common factor of 5456 and c?
16
Let f = -2729 - -3454. What is the highest common divisor of 87 and f?
29
Let z be (117/(-6))/(-19 + 1251/66). Calculate the highest common factor of 132 and z.
33
Let p = -418 + 430. Suppose -b = 3*b - 40. Suppose 2*i - p = -l + b, 5*l = 3*i - 46. What is the greatest common divisor of i and 12?
12
Let t be ((-102)/18 + 6)/(1/261). Let o = t + -54. Suppose -3*u - 4*s = -36, 3 = -3*u - 2*s + o. Calculate the highest common factor of 184 and u.
8
Let h(g) = 4*g**3 - 18*g**2 + 9*g + 2. Suppose -7*c = 11 - 39. Let z be h(c). Let w be 66 - ((1 - 0) + -1). Calculate the highest common divisor of z and w.
6
Let f(k) = -9*k - 3*k**2 + 17*k**2 + 4*k**2 + 14 + 2*k**2. Let h be f(4). Let o = h + -188. Calculate the highest common divisor of 22 and o.
22
Let p = -586 - -603. Calculate the greatest common divisor of p and 5.
1
Let d(u) be the second derivative of 10*u**3/3 - 9*u**2 + 36*u. Let c be d(4). What is the highest common divisor of c and 186?
62
Let d be 176/22*((-1)/(-4))/1. Calculate the highest common factor of d and 718.
2
Let p be 4526/14 - 3/(42/4). Suppose 0 = -10*y - 7*y + p. What is the greatest common factor of y and 171?
19
Suppose -3*x - x + 528 = 0. Let p = 66 + -26. Let d be (396/110)/(-2*(-6)/p). Calculate the greatest common divisor of x and d.
12
Suppose -2*v + 437 = -3*d, -2*d + 58 - 279 = -v. Let r = v - 171. Calculate the highest common factor of 60 and r.
20
Suppose -4*m = d + 2*d - 95, 5*m = 25. Suppose -i = -41 - d. Calculate the highest common divisor of 3 and i.
3
Let i(a) = a**3 - 13*a**2 - 28*a - 22. Let l be i(15). Suppose 0 = -l*q - 40 + 448. What is the greatest common divisor of 6 and q?
3
Suppose 5*b - 10 = 0, -3*b + 7 - 61 = -4*y. Let w(m) = 88*m**2 + 2*m - 11. Let j be w(2). What is the greatest common factor of y and j?
15
Suppose -211*r - 318 = -2217. Calculate the greatest common divisor of 3630 and r.
3
Let c(k) = -k**2 - 12*k - 14. Let a = -164 - -157. Let t be c(a). Suppose -162 = -3*j - 36. Calculate the highest common factor of j and t.
21
Let i(a) = a + 25. Let p be i(35). Suppose -p = -2*q + 4*t + 22, q = -4*t + 71. What is the highest common factor of q and 68?
17
Suppose -5*q = -8*q + 690. Suppose -8*u - 3*o + 17 = -6*u, -5*u = 5*o - 45. What is the greatest common divisor of q and u?
10
Let g(z) = -2*z + z**3 + 14 + 19*z**2 - 6*z**2 + 0 - 16. Suppose -a + 4 = 17. Let s be g(a). What is the greatest common factor of 12 and s?
12
Suppose -313 = -5*a + 4*q, 0 = 5*a + 5*q - 51 - 244. Let s = a - 39. Let c = -590 + 645. What is the highest common divisor of c and s?
11
Suppose -4*l + 18844 = 4*t, -116*t + 9424 = -114*t + 3*l. Calculate the highest common factor of t and 68.
17
Let p = -80 - -41. Let z = -23 - p. Let c = 8 + -4. Calculate the greatest common factor of z and c.
4
Let x be 15 - -4 - (-2 + 6) - 2. Suppose 0 = -x*r + 321 + 719. What is the highest common divisor of r and 16?
16
Let c be 0 - 0 - (-36*2)/(-12).